{"id":1061,"date":"2025-04-24T10:04:17","date_gmt":"2025-04-24T13:04:17","guid":{"rendered":"https:\/\/seja-ead.com.br\/?page_id=1061"},"modified":"2025-10-28T13:27:23","modified_gmt":"2025-10-28T16:27:23","slug":"nossa-legalidade-seed-pr-cee-pr-e-mec","status":"publish","type":"page","link":"https:\/\/seja-ead.com.br\/index.php\/nossa-legalidade-seed-pr-cee-pr-e-mec\/","title":{"rendered":"Nossa Legalidade &#8211; SEED\/PR &#8211; CEE\/PR e MEC &#8211; 10 Anos &#8211; Formando Amigos"},"content":{"rendered":"\n<p><\/p>\n\n\n\n<p><\/p>\n\n\n\n<h4 class=\"wp-block-heading has-text-align-center\"><strong>Somos uma institui\u00e7\u00e3o de ensino legalizada . . . Desde &#8220;2015 &#8211; Credenciada e Reconhecida&#8221;<\/strong><\/h4>\n\n\n\n<hr class=\"wp-block-separator has-alpha-channel-opacity\"\/>\n\n\n\n<hr class=\"wp-block-separator has-alpha-channel-opacity\"\/>\n\n\n\n<div style=\"height:100px\" aria-hidden=\"true\" class=\"wp-block-spacer\"><\/div>\n\n\n\n<div class=\"wp-block-media-text is-stacked-on-mobile\" style=\"grid-template-columns:37% auto\"><figure class=\"wp-block-media-text__media\"><img loading=\"lazy\" decoding=\"async\" width=\"466\" height=\"497\" src=\"http:\/\/seja-ead.com.br\/wp-content\/uploads\/2025\/10\/Foto-2026-SEJA-EaD.jpg\" alt=\"\" class=\"wp-image-1378 size-full\" srcset=\"https:\/\/seja-ead.com.br\/wp-content\/uploads\/2025\/10\/Foto-2026-SEJA-EaD.jpg 466w, https:\/\/seja-ead.com.br\/wp-content\/uploads\/2025\/10\/Foto-2026-SEJA-EaD-281x300.jpg 281w\" sizes=\"auto, (max-width: 466px) 100vw, 466px\" \/><\/figure><div class=\"wp-block-media-text__content\">\n<p class=\"has-white-color has-text-color has-background has-link-color wp-elements-ab3336152cf8b1c0c5d910664f904e16\" style=\"background-color:#ff4700;font-size:18px\"><strong>Por que escolher o SEJA-EAD Supletivos?<\/strong><\/p>\n\n\n\n<p>N\u00f3s do <strong>SEJA-EAD Supletivos<\/strong> somos uma <strong>institui\u00e7\u00e3o de ensino <\/strong>legalizada, com autoriza\u00e7\u00e3o da <strong>SEED\/PR (Secretaria de Estado da Educa\u00e7\u00e3o do Paran\u00e1)<\/strong>, reconhecida pelo <strong>CEE\/PR (Conselho Estadual de Educa\u00e7\u00e3o)<\/strong> e em conformidade com a <strong>LDB 9394\/96<\/strong> do <strong>MEC<\/strong>.<\/p>\n\n\n\n<p>\ud83d\udcda <strong>Aqui, o ensino \u00e9 de verdade!<\/strong><br>Diferente de plataformas que oferecem apenas videoaulas, no <strong>SEJA-EAD<\/strong> Supletivo, voc\u00ea estuda com <strong>professores de verdade com aulas em tempo real<\/strong>, e com acompanhamento <strong>pedag\u00f3gico e suporte completo<\/strong>. Somos <strong>sede oficial<\/strong> <strong>da<\/strong> <strong>institui\u00e7\u00e3o de ensino CEBJA SEJA Ensino Fundamental II e M\u00e9dio.<\/strong><\/p>\n\n\n\n<p><\/p>\n\n\n\n<p class=\"has-white-color has-text-color has-background has-link-color wp-elements-67cfdd108790bd9aa1bfac110fc1fc53\" style=\"background-color:#ff4700;font-size:18px\"><strong>N\u00e3o caia em golpes.  Estude no SEJA-EaD &#8211; Verdadeiro Supletivo EJA-EaD<\/strong><\/p>\n<\/div><\/div>\n\n\n\n<div style=\"height:100px\" aria-hidden=\"true\" class=\"wp-block-spacer\"><\/div>\n\n\n\n<div style=\"height:15px\" aria-hidden=\"true\" class=\"wp-block-spacer\"><\/div>\n\n\n\n<hr class=\"wp-block-separator has-alpha-channel-opacity\"\/>\n\n\n\n<div style=\"height:15px\" aria-hidden=\"true\" class=\"wp-block-spacer\"><\/div>\n\n\n\n<h4 class=\"wp-block-heading has-text-align-center has-medium-font-size\"><strong>O SEJA-EAD Supletivo pode aplicar a &#8220;Prova de Classifica\u00e7\u00e3o&#8221; <\/strong><\/h4>\n\n\n\n<div style=\"height:15px\" aria-hidden=\"true\" class=\"wp-block-spacer\"><\/div>\n\n\n\n<p class=\"has-text-align-center\">De acordo com as legisla\u00e7\u00f5es da <strong>Delibera\u00e7\u00e3o n\u00ba. 09\/2021 de 29\/11\/2021, do CEE\/PR \u2013 Conselho Estadual de Educa\u00e7\u00e3o do Estado do Paran\u00e1, <\/strong>confere a institui\u00e7\u00e3o <strong>CEBJA SEJA Ensino Fundamental II e M\u00e9dio,<\/strong> em seu <strong>\u201cPPP \u2013 Projeto Pol\u00edtico Pedag\u00f3gico\u201d<\/strong> a prerrogativa legal na oferta da <strong>\u201cProva de Classifica\u00e7\u00e3o\u201d<\/strong> para conclus\u00e3o do \u201cEnsino Fundamental II\u201d e\/ou Ensino M\u00e9dio\u201d a partir de 6 (seis) meses.<\/p>\n\n\n\n<p><strong>Alunos do Ensino Fundamental II (antigo curso ginasial)<\/strong> \u2013 poder\u00e3o realizar a Prova de Classifica\u00e7\u00e3o que <strong>Qualifica <\/strong>e <strong>Capacita<\/strong> <strong>a estudar apenas o 9\u00ba.Ano (antiga 8\u00aa. Serie) em 06 (seis) meses<\/strong><\/p>\n\n\n\n<p><strong>Alunos do Ensino M\u00e9dio (antigo curso colegial) <\/strong>\u2013 poder\u00e3o realizar a Prova de Classifica\u00e7\u00e3o que <strong>Qualifica<\/strong> e <strong>Capacita a estudar apenas o 3\u00ba.Ano em 06 (seis) meses<\/strong><\/p>\n\n\n\n<p><strong>ATEN\u00c7\u00c3O:<\/strong> Uma vez o aluno aprovado no <strong>Ensino Fundamental II<\/strong> por meio da <strong>Prova de Classifica\u00e7\u00e3o<\/strong>, o mesmo dever\u00e1 cursar em <strong>18 (dezoito) meses o Ensino M\u00e9dio.<\/strong><\/p>\n\n\n\n<p class=\"has-text-align-center has-black-color has-text-color has-link-color wp-elements-9c195687d52929a067a67f71e3143d96\" style=\"font-size:17px\">Por determina\u00e7\u00e3o da <strong>SEED \/Pr<\/strong> e <strong>CEE \/ PR<\/strong> \u00e9 proibido o aluno fazer a \u201cProva de Classifica\u00e7\u00e3o do Ensino Fundamental II&#8221; e&nbsp; posteriormente fazer uma nova \u201cProva de Classifica\u00e7\u00e3o do Ensino M\u00e9dio&#8221;, para cursar tudo em apenas 6 Meses.<\/p>\n\n\n\n<p><\/p>\n\n\n\n<div style=\"height:15px\" aria-hidden=\"true\" class=\"wp-block-spacer\"><\/div>\n\n\n\n<hr class=\"wp-block-separator has-alpha-channel-opacity\"\/>\n\n\n\n<h2 class=\"wp-block-heading has-text-align-center\" style=\"font-size:17px\">DIGA &#8220;N\u00c3O&#8221; A ILEGALIDADE E IRREGULARIDADE NA EDUCA\u00c7\u00c3O<\/h2>\n\n\n\n<p><\/p>\n\n\n\n<p class=\"has-text-align-center\">Leve seu <strong>&#8220;CERTIFICADO \/ Hist\u00f3rico Escolar de Conclus\u00e3o<\/strong>&#8221; na Secretaria de Educa\u00e7\u00e3o ou Regional de Educa\u00e7\u00e3o e\/ou N\u00facleo da Educa\u00e7\u00e3o e solicitar para chancelar o documento (carimbar como v\u00e1lido) &#8230; Simples Assim !!!<\/p>\n\n\n\n<p class=\"has-text-align-center\">Somente eles poder\u00e3o convalidar seu documento por verdadeiro sem &#8220;engana\u00e7\u00e3o&#8221;<\/p>\n\n\n\n<p><\/p>\n\n\n\n<hr class=\"wp-block-separator has-alpha-channel-opacity\"\/>\n\n\n\n<h4 class=\"wp-block-heading has-text-align-center has-medium-font-size\">APRENDA E IDENTIFICAR AS CERTIFICADORAS \/ ESCOLAS ILEGAIS &#8211; EVITE GOLPES<\/h4>\n\n\n\n<div style=\"height:15px\" aria-hidden=\"true\" class=\"wp-block-spacer\"><\/div>\n\n\n\n<p class=\"has-text-align-center has-black-color has-text-color has-link-color wp-elements-5241b86beecadbf475bf426fbc71a17a\" style=\"font-size:17px\">Reconhecendo uma empresa <strong>&#8220;N\u00e3o Escola&#8221;<\/strong> que oferta estudos de forma ilegal e irregular <strong>&#8220;CERTIFICADORAS&#8221;<\/strong>.<\/p>\n\n\n\n<p class=\"has-text-align-center has-black-color has-text-color has-link-color wp-elements-44d5b31b238b51ea8f902306ed0a67bd\" style=\"font-size:17px\"> Saiba identificar as <strong>&#8220;Falsas Promessas&#8221;<\/strong> e as <strong>&#8220;Propagandas  Enganosas&#8221;<\/strong> &#8211; <\/p>\n\n\n\n<p class=\"has-text-align-center has-black-color has-text-color has-link-color wp-elements-6f37be4dfdffd2a2ce379e1b40fa0250\" style=\"font-size:17px\"><strong>em apenas 7 (sete) Itens que eles n\u00e3o querem que voc\u00ea saiba.<\/strong><\/p>\n\n\n\n<ul class=\"wp-block-list\">\n<li><strong>Certifica\u00e7\u00e3o de Conclus\u00e3o em 3 (tr\u00eas) meses  \u00e9 ilegal e n\u00e3o \u00e9 aprovado pelo MEC<\/strong>;<\/li>\n\n\n\n<li><strong>Aulas apenas por v\u00eddeo,<\/strong> sem professores e\/ou <strong>com estudo somente por plataforma<\/strong>;<\/li>\n\n\n\n<li><strong>Prova \u00fanica no Final do Curso<\/strong> <strong>(somente os governos estadual e\/ou federal tem essa autoriza\u00e7\u00e3o do MEC)<\/strong> para oferta de prova \u00fanica, assim sendo, eles &#8220;N\u00e3o s\u00e3o escola&#8221; e sim &#8220;Curso Livre&#8221; ou &#8220;Curso Preparat\u00f3rio&#8221;;<\/li>\n\n\n\n<li>Certificados vem de outro estado e\/ou documenta\u00e7\u00e3o da escola de outro estado<\/li>\n\n\n\n<li>Pre\u00e7o das mensalidade muita baixo com valores e promo\u00e7\u00f5es &#8220;Milagrosas&#8221; (Desconfie Sempre)<\/li>\n\n\n\n<li>Mudan\u00e7a de endere\u00e7o com frequ\u00eancia e\/ou atendimento s\u00f3 via WhatsApp (sem endere\u00e7o fixo)<\/li>\n\n\n\n<li><strong>&#8220;Principalmente&#8221; <\/strong>querem <strong>Vincular o pagamento por &#8220;Cart\u00e3o de Cr\u00e9dito&#8221; ou &#8220;PIX&#8221; antecipado<\/strong><\/li>\n<\/ul>\n\n\n\n<p class=\"has-text-align-center\">Siga os passos acima e veja quantas desculpas eles ir\u00e3o te dar !!!<\/p>\n\n\n\n<div style=\"height:15px\" aria-hidden=\"true\" class=\"wp-block-spacer\"><\/div>\n\n\n\n<hr class=\"wp-block-separator has-alpha-channel-opacity\"\/>\n\n\n\n<div style=\"height:25px\" aria-hidden=\"true\" class=\"wp-block-spacer\"><\/div>\n\n\n\n<h4 class=\"wp-block-heading has-text-align-center has-medium-font-size\">Em caso de D\u00favida Ligar no  NRE &#8211; Londrina<\/h4>\n\n\n\n<p class=\"has-text-align-center has-black-color has-text-color has-link-color wp-elements-0e1afb0df307c1366f7d6d07434d053e\" style=\"font-size:17px\"><strong>NRE &#8211; Londrina \/ Pr. &#8211; Fone: (43)  3371-1300\/ Depto Documenta\u00e7\u00e3o Escolar <br><\/strong><\/p>\n\n\n\n<p class=\"has-text-align-center\"><a href=\"https:\/\/www.educacao.pr.gov.br\/Endereco\/Nucleo-Regional-de-Educacao-de-Londrina\">https:\/\/www.educacao.pr.gov.br\/Endereco\/Nucleo-Regional-de-Educacao-de-Londrina<\/a><\/p>\n\n\n\n<h4 class=\"wp-block-heading has-text-align-center has-medium-font-size\"><strong>SEED \/ Pr. &#8211; Curitiba\/Pr. &#8211; Fone: (41) 3340-1500 \/ Depto Documenta\u00e7\u00e3o Escolar <\/strong><\/h4>\n\n\n\n<p class=\"has-text-align-center\"><strong><br><\/strong><a href=\"https:\/\/www.educacao.pr.gov.br\/Endereco\/Nucleo-Regional-de-Educacao-de-Londrina\">https:\/\/www.educacao.pr.gov.br\/Endereco\/Secretaria-de-Estado-da-Educacao-SEED<\/a><\/p>\n\n\n\n<p><\/p>\n\n\n\n<div style=\"height:15px\" aria-hidden=\"true\" class=\"wp-block-spacer\"><\/div>\n\n\n\n<hr class=\"wp-block-separator has-alpha-channel-opacity\"\/>\n\n\n\n<div style=\"height:30px\" aria-hidden=\"true\" class=\"wp-block-spacer\"><\/div>\n\n\n\n<h5 class=\"wp-block-heading has-text-align-left has-medium-font-size\">NOSSO REGISTROS DE LEGALIDADE<\/h5>\n\n\n\n<div style=\"height:30px\" aria-hidden=\"true\" class=\"wp-block-spacer\"><\/div>\n\n\n\n<div class=\"wp-block-group has-background is-nowrap is-layout-flex wp-container-core-group-is-layout-ad2f72ca wp-block-group-is-layout-flex\" style=\"background:linear-gradient(135deg,rgb(255,71,0) 37%,rgba(112,43,16,0.8) 100%)\">\n<p class=\"has-white-color has-text-color has-link-color has-medium-font-size wp-elements-52a8b72d1422e083b2cf35f4f07d0771\">01 \u2013 Credenciamento Resolu\u00e7\u00e3o n\u00ba. 843\/2024 &#8211; DOE 28 \/ 02 \/ 2024<\/p>\n<\/div>\n\n\n\n<hr class=\"wp-block-separator has-alpha-channel-opacity\"\/>\n\n\n\n<figure class=\"wp-block-image size-large\"><img loading=\"lazy\" decoding=\"async\" width=\"724\" height=\"1024\" src=\"http:\/\/seja-ead.com.br\/wp-content\/uploads\/2025\/10\/CREDENCIAMENTO-RENOVACAO-DA-ESCOLA-pdf-724x1024.jpg\" alt=\"\" class=\"wp-image-1420\"\/><\/figure>\n\n\n\n<hr class=\"wp-block-separator has-alpha-channel-opacity\"\/>\n\n\n\n<div class=\"wp-block-group has-background is-nowrap is-layout-flex wp-container-core-group-is-layout-ad2f72ca wp-block-group-is-layout-flex\" style=\"background:linear-gradient(135deg,rgb(255,71,0) 37%,rgba(112,43,16,0.8) 100%)\">\n<p class=\"has-white-color has-text-color has-link-color has-medium-font-size wp-elements-91821e64af972a63cfab27c8e6612420\">02 \u2013 Credenciamento e Reconhecimento SEED \/ Pr e CEE \/ PR &#8211; <\/p>\n<\/div>\n\n\n\n<figure class=\"wp-block-image size-large\"><img loading=\"lazy\" decoding=\"async\" width=\"724\" height=\"1024\" src=\"http:\/\/seja-ead.com.br\/wp-content\/uploads\/2025\/10\/CREDENCIAMENTO-DA-ESCOLA-pdf-724x1024.jpg\" alt=\"\" class=\"wp-image-1421\"\/><\/figure>\n\n\n\n<div style=\"height:10px\" aria-hidden=\"true\" class=\"wp-block-spacer\"><\/div>\n\n\n\n<div style=\"height:10px\" aria-hidden=\"true\" class=\"wp-block-spacer\"><\/div>\n\n\n\n<div class=\"wp-block-group has-background is-nowrap is-layout-flex wp-container-core-group-is-layout-ad2f72ca wp-block-group-is-layout-flex\" style=\"background:linear-gradient(135deg,rgb(255,71,0) 37%,rgba(112,43,16,0.8) 100%)\">\n<p class=\"has-white-color has-text-color has-link-color has-medium-font-size wp-elements-0dbe9d0b7129899f5d61cabf80364c9f\">03 \u2013 C.N.P.J. n\u00ba. 23.962.796 \/ 0001 &#8211; 69 <\/p>\n<\/div>\n\n\n\n<figure class=\"wp-block-image size-large\"><img loading=\"lazy\" decoding=\"async\" width=\"724\" height=\"1024\" src=\"http:\/\/seja-ead.com.br\/wp-content\/uploads\/2025\/10\/C-N-P-J-Comprovante-de-Endereco-e-outros-pdf-724x1024.jpg\" alt=\"\" class=\"wp-image-1423\"\/><\/figure>\n\n\n\n<div style=\"height:10px\" aria-hidden=\"true\" class=\"wp-block-spacer\"><\/div>\n\n\n\n<figure class=\"wp-block-gallery has-nested-images columns-default is-cropped wp-block-gallery-1 is-layout-flex wp-block-gallery-is-layout-flex\"><\/figure>\n\n\n\n<div style=\"height:0px\" aria-hidden=\"true\" class=\"wp-block-spacer\"><\/div>\n\n\n\n<div style=\"height:10px\" aria-hidden=\"true\" class=\"wp-block-spacer\"><\/div>\n\n\n\n<div style=\"height:10px\" aria-hidden=\"true\" class=\"wp-block-spacer\"><\/div>\n\n\n\n<div class=\"wp-block-buttons is-content-justification-center is-layout-flex wp-container-core-buttons-is-layout-16018d1d wp-block-buttons-is-layout-flex\">\n<div class=\"wp-block-button is-style-fill\"><a class=\"wp-block-button__link has-background has-custom-font-size wp-element-button\" href=\"http:\/\/seja-ead.com.br\/index.php\/matricula\/\" style=\"background:linear-gradient(176deg,rgb(255,71,0) 54%,rgb(170,24,24) 100%);font-size:20px\"><strong>Matr\u00edcule-se agora!<\/strong><\/a><\/div>\n<\/div>\n","protected":false},"excerpt":{"rendered":"<p>Somos uma institui\u00e7\u00e3o de ensino legalizada . . . Desde &#8220;2015 &#8211; Credenciada e Reconhecida&#8221; Por que escolher o SEJA-EAD Supletivos? N\u00f3s do SEJA-EAD Supletivos somos uma institui\u00e7\u00e3o de ensino legalizada, com autoriza\u00e7\u00e3o da SEED\/PR (Secretaria de Estado da Educa\u00e7\u00e3o do Paran\u00e1), reconhecida pelo CEE\/PR (Conselho Estadual de Educa\u00e7\u00e3o) e em conformidade com a LDB [&hellip;]<\/p>\n","protected":false},"author":1,"featured_media":0,"parent":0,"menu_order":0,"comment_status":"closed","ping_status":"closed","template":"","meta":{"footnotes":""},"class_list":["post-1061","page","type-page","status-publish","hentry"],"_links":{"self":[{"href":"https:\/\/seja-ead.com.br\/index.php\/wp-json\/wp\/v2\/pages\/1061","targetHints":{"allow":["GET"]}}],"collection":[{"href":"https:\/\/seja-ead.com.br\/index.php\/wp-json\/wp\/v2\/pages"}],"about":[{"href":"https:\/\/seja-ead.com.br\/index.php\/wp-json\/wp\/v2\/types\/page"}],"author":[{"embeddable":true,"href":"https:\/\/seja-ead.com.br\/index.php\/wp-json\/wp\/v2\/users\/1"}],"replies":[{"embeddable":true,"href":"https:\/\/seja-ead.com.br\/index.php\/wp-json\/wp\/v2\/comments?post=1061"}],"version-history":[{"count":45,"href":"https:\/\/seja-ead.com.br\/index.php\/wp-json\/wp\/v2\/pages\/1061\/revisions"}],"predecessor-version":[{"id":1454,"href":"https:\/\/seja-ead.com.br\/index.php\/wp-json\/wp\/v2\/pages\/1061\/revisions\/1454"}],"wp:attachment":[{"href":"https:\/\/seja-ead.com.br\/index.php\/wp-json\/wp\/v2\/media?parent=1061"}],"curies":[{"name":"wp","href":"https:\/\/api.w.org\/{rel}","templated":true}]}}