{"id":813,"date":"2025-04-11T11:20:09","date_gmt":"2025-04-11T14:20:09","guid":{"rendered":"https:\/\/seja-ead.com.br\/?page_id=813"},"modified":"2025-05-09T16:27:59","modified_gmt":"2025-05-09T19:27:59","slug":"ensino-medio-2o-ano","status":"publish","type":"page","link":"https:\/\/seja-ead.com.br\/index.php\/ensino-medio-2o-ano\/","title":{"rendered":"Ensino M\u00e9dio &#8211; 2\u00ba Ano"},"content":{"rendered":"\n<h3 class=\"wp-block-heading has-text-align-center\">Ensino M\u00e9dio &#8211; 2\u00ba Ano<\/h3>\n\n\n\n<div style=\"height:15px\" aria-hidden=\"true\" class=\"wp-block-spacer\"><\/div>\n\n\n\n<hr class=\"wp-block-separator has-alpha-channel-opacity\"\/>\n\n\n\n<div style=\"height:15px\" aria-hidden=\"true\" class=\"wp-block-spacer\"><\/div>\n\n\n\n<h4 class=\"wp-block-heading has-text-align-center\">Linguagens C\u00f3digos e suas Tecnologias e Reda\u00e7\u00e3o<\/h4>\n\n\n\n<div style=\"height:15px\" aria-hidden=\"true\" class=\"wp-block-spacer\"><\/div>\n\n\n\n<hr class=\"wp-block-separator has-alpha-channel-opacity\"\/>\n\n\n\n<div style=\"height:70px\" aria-hidden=\"true\" class=\"wp-block-spacer\"><\/div>\n\n\n\n<div class=\"wp-block-group is-content-justification-left is-nowrap is-layout-flex wp-container-core-group-is-layout-f56a869c wp-block-group-is-layout-flex\">\n<div style=\"height:100px;width:0px\" aria-hidden=\"true\" class=\"wp-block-spacer wp-container-content-66c62f5e\"><\/div>\n\n\n\n<figure class=\"wp-block-image size-medium is-resized\"><a href=\"http:\/\/sejaeade5g1.hospedagemdesites.ws\/aulas\/course\/index.php?categoryid=161\"><img loading=\"lazy\" decoding=\"async\" width=\"300\" height=\"216\" src=\"https:\/\/seja-ead.com.br\/wp-content\/uploads\/2025\/04\/1a-lingua-portuguesa-5-300x216.jpg\" alt=\"\" class=\"wp-image-669\" style=\"width:250px\" srcset=\"https:\/\/seja-ead.com.br\/wp-content\/uploads\/2025\/04\/1a-lingua-portuguesa-5-300x216.jpg 300w, https:\/\/seja-ead.com.br\/wp-content\/uploads\/2025\/04\/1a-lingua-portuguesa-5.jpg 320w\" sizes=\"auto, (max-width: 300px) 100vw, 300px\" \/><\/a><\/figure>\n\n\n\n<div style=\"height:15px;width:0px\" aria-hidden=\"true\" class=\"wp-block-spacer wp-container-content-82ea18c2\"><\/div>\n\n\n\n<figure class=\"wp-block-image size-medium is-resized\"><a href=\"http:\/\/sejaeade5g1.hospedagemdesites.ws\/aulas\/course\/index.php?categoryid=163\"><img loading=\"lazy\" decoding=\"async\" width=\"300\" height=\"216\" src=\"https:\/\/seja-ead.com.br\/wp-content\/uploads\/2025\/04\/1a-redacao-300x216.jpg\" alt=\"\" class=\"wp-image-670\" style=\"width:250px\" srcset=\"https:\/\/seja-ead.com.br\/wp-content\/uploads\/2025\/04\/1a-redacao-300x216.jpg 300w, https:\/\/seja-ead.com.br\/wp-content\/uploads\/2025\/04\/1a-redacao.jpg 320w\" sizes=\"auto, (max-width: 300px) 100vw, 300px\" \/><\/a><\/figure>\n\n\n\n<div style=\"height:15px;width:0px\" aria-hidden=\"true\" class=\"wp-block-spacer wp-container-content-82ea18c2\"><\/div>\n\n\n\n<figure class=\"wp-block-image size-medium is-resized\"><a href=\"http:\/\/sejaeade5g1.hospedagemdesites.ws\/aulas\/course\/index.php?categoryid=162\"><img loading=\"lazy\" decoding=\"async\" width=\"300\" height=\"216\" src=\"https:\/\/seja-ead.com.br\/wp-content\/uploads\/2025\/04\/1a-literatura-300x216.jpg\" alt=\"\" class=\"wp-image-671\" style=\"width:250px\" srcset=\"https:\/\/seja-ead.com.br\/wp-content\/uploads\/2025\/04\/1a-literatura-300x216.jpg 300w, https:\/\/seja-ead.com.br\/wp-content\/uploads\/2025\/04\/1a-literatura.jpg 320w\" sizes=\"auto, (max-width: 300px) 100vw, 300px\" \/><\/a><\/figure>\n\n\n\n<div style=\"height:100px;width:0px\" aria-hidden=\"true\" class=\"wp-block-spacer wp-container-content-95fa7573\"><\/div>\n\n\n\n<div style=\"height:100px;width:0px\" aria-hidden=\"true\" class=\"wp-block-spacer wp-container-content-9760934e\"><\/div>\n<\/div>\n\n\n\n<div style=\"height:15px\" aria-hidden=\"true\" class=\"wp-block-spacer\"><\/div>\n\n\n\n<div class=\"wp-block-group is-content-justification-left is-nowrap is-layout-flex wp-container-core-group-is-layout-f56a869c wp-block-group-is-layout-flex\">\n<div style=\"height:100px;width:0px\" aria-hidden=\"true\" class=\"wp-block-spacer wp-container-content-66c62f5e\"><\/div>\n\n\n\n<figure class=\"wp-block-image size-medium is-resized\"><a href=\"http:\/\/sejaeade5g1.hospedagemdesites.ws\/aulas\/course\/index.php?categoryid=150\"><img loading=\"lazy\" decoding=\"async\" width=\"300\" height=\"216\" src=\"https:\/\/seja-ead.com.br\/wp-content\/uploads\/2025\/04\/1a-ingles-300x216.jpg\" alt=\"\" class=\"wp-image-672\" style=\"width:250px\" srcset=\"https:\/\/seja-ead.com.br\/wp-content\/uploads\/2025\/04\/1a-ingles-300x216.jpg 300w, https:\/\/seja-ead.com.br\/wp-content\/uploads\/2025\/04\/1a-ingles.jpg 320w\" sizes=\"auto, (max-width: 300px) 100vw, 300px\" \/><\/a><\/figure>\n\n\n\n<div style=\"height:15px;width:0px\" aria-hidden=\"true\" class=\"wp-block-spacer wp-container-content-82ea18c2\"><\/div>\n\n\n\n<figure class=\"wp-block-image size-full is-resized\"><a href=\"http:\/\/sejaeade5g1.hospedagemdesites.ws\/aulas\/course\/index.php?categoryid=151\"><img loading=\"lazy\" decoding=\"async\" width=\"300\" height=\"216\" src=\"https:\/\/seja-ead.com.br\/wp-content\/uploads\/2025\/04\/1a-ed-fisica-3-300x216-1.jpg\" alt=\"\" class=\"wp-image-673\" style=\"width:250px;height:auto\"\/><\/a><\/figure>\n\n\n\n<div style=\"height:15px;width:0px\" aria-hidden=\"true\" class=\"wp-block-spacer wp-container-content-82ea18c2\"><\/div>\n\n\n\n<figure class=\"wp-block-image size-full is-resized\"><a href=\"http:\/\/sejaeade5g1.hospedagemdesites.ws\/aulas\/course\/index.php?categoryid=152\"><img loading=\"lazy\" decoding=\"async\" width=\"300\" height=\"216\" src=\"https:\/\/seja-ead.com.br\/wp-content\/uploads\/2025\/04\/1a-arte-3-300x216-1.jpg\" alt=\"\" class=\"wp-image-674\" style=\"width:250px\"\/><\/a><\/figure>\n\n\n\n<div style=\"height:100px;width:0px\" aria-hidden=\"true\" class=\"wp-block-spacer wp-container-content-95fa7573\"><\/div>\n\n\n\n<div style=\"height:100px;width:0px\" aria-hidden=\"true\" class=\"wp-block-spacer wp-container-content-9760934e\"><\/div>\n<\/div>\n\n\n\n<div style=\"height:70px\" aria-hidden=\"true\" class=\"wp-block-spacer\"><\/div>\n\n\n\n<hr class=\"wp-block-separator has-alpha-channel-opacity\"\/>\n\n\n\n<div style=\"height:15px\" aria-hidden=\"true\" class=\"wp-block-spacer\"><\/div>\n\n\n\n<h4 class=\"wp-block-heading has-text-align-center\">Matem\u00e1tica e suas Tecnologias<\/h4>\n\n\n\n<div style=\"height:15px\" aria-hidden=\"true\" class=\"wp-block-spacer\"><\/div>\n\n\n\n<hr class=\"wp-block-separator has-alpha-channel-opacity\"\/>\n\n\n\n<div style=\"height:70px\" aria-hidden=\"true\" class=\"wp-block-spacer\"><\/div>\n\n\n\n<div class=\"wp-block-group is-content-justification-left is-nowrap is-layout-flex wp-container-core-group-is-layout-f56a869c wp-block-group-is-layout-flex\">\n<div style=\"height:100px;width:0px\" aria-hidden=\"true\" class=\"wp-block-spacer wp-container-content-9dbf05af\"><\/div>\n\n\n\n<div style=\"height:15px;width:0px\" aria-hidden=\"true\" class=\"wp-block-spacer wp-container-content-16d1eb73\"><\/div>\n\n\n\n<figure class=\"wp-block-image size-full\"><a href=\"http:\/\/sejaeade5g1.hospedagemdesites.ws\/aulas\/course\/index.php?categoryid=153\"><img loading=\"lazy\" decoding=\"async\" width=\"300\" height=\"216\" src=\"https:\/\/seja-ead.com.br\/wp-content\/uploads\/2025\/04\/1a-matematica-300x216-1.jpg\" alt=\"\" class=\"wp-image-706\"\/><\/a><\/figure>\n\n\n\n<div style=\"height:15px;width:0px\" aria-hidden=\"true\" class=\"wp-block-spacer wp-container-content-16d1eb73\"><\/div>\n\n\n\n<div style=\"height:100px;width:0px\" aria-hidden=\"true\" class=\"wp-block-spacer wp-container-content-9760934e\"><\/div>\n<\/div>\n\n\n\n<div style=\"height:70px\" aria-hidden=\"true\" class=\"wp-block-spacer\"><\/div>\n\n\n\n<hr class=\"wp-block-separator has-alpha-channel-opacity\"\/>\n\n\n\n<div style=\"height:15px\" aria-hidden=\"true\" class=\"wp-block-spacer\"><\/div>\n\n\n\n<h4 class=\"wp-block-heading has-text-align-center\">Ci\u00eancias Humanas e suas Tecnologias<\/h4>\n\n\n\n<div style=\"height:15px\" aria-hidden=\"true\" class=\"wp-block-spacer\"><\/div>\n\n\n\n<hr class=\"wp-block-separator has-alpha-channel-opacity\"\/>\n\n\n\n<div style=\"height:70px\" aria-hidden=\"true\" class=\"wp-block-spacer\"><\/div>\n\n\n\n<div class=\"wp-block-group is-content-justification-left is-nowrap is-layout-flex wp-container-core-group-is-layout-f56a869c wp-block-group-is-layout-flex\">\n<figure class=\"wp-block-image size-full is-resized\"><a href=\"http:\/\/sejaeade5g1.hospedagemdesites.ws\/aulas\/course\/index.php?categoryid=158\"><img loading=\"lazy\" decoding=\"async\" width=\"300\" height=\"216\" src=\"https:\/\/seja-ead.com.br\/wp-content\/uploads\/2025\/04\/1a-historia-300x216-1.jpg\" alt=\"\" class=\"wp-image-716\" style=\"width:250px\"\/><\/a><\/figure>\n\n\n\n<div style=\"height:15px;width:0px\" aria-hidden=\"true\" class=\"wp-block-spacer wp-container-content-16d1eb73\"><\/div>\n\n\n\n<div style=\"height:15px;width:0px\" aria-hidden=\"true\" class=\"wp-block-spacer wp-container-content-c0740251\"><\/div>\n\n\n\n<figure class=\"wp-block-image size-full is-resized\"><a href=\"http:\/\/sejaeade5g1.hospedagemdesites.ws\/aulas\/course\/index.php?categoryid=157\"><img loading=\"lazy\" decoding=\"async\" width=\"300\" height=\"216\" src=\"https:\/\/seja-ead.com.br\/wp-content\/uploads\/2025\/04\/1a-geografia-300x216-1.jpg\" alt=\"\" class=\"wp-image-717\" style=\"width:250px\"\/><\/a><\/figure>\n\n\n\n<div style=\"height:15px;width:0px\" aria-hidden=\"true\" class=\"wp-block-spacer wp-container-content-c0740251\"><\/div>\n\n\n\n<figure class=\"wp-block-image size-full is-resized\"><a href=\"http:\/\/sejaeade5g1.hospedagemdesites.ws\/aulas\/course\/index.php?categoryid=160\"><img loading=\"lazy\" decoding=\"async\" width=\"300\" height=\"216\" src=\"https:\/\/seja-ead.com.br\/wp-content\/uploads\/2025\/04\/1a-sociologia-1-300x216-1.jpg\" alt=\"\" class=\"wp-image-718\" style=\"width:250px\"\/><\/a><\/figure>\n\n\n\n<div style=\"height:15px;width:0px\" aria-hidden=\"true\" class=\"wp-block-spacer wp-container-content-c0740251\"><\/div>\n\n\n\n<div style=\"height:10px;width:0px\" aria-hidden=\"true\" class=\"wp-block-spacer wp-container-content-273e683f\"><\/div>\n\n\n\n<figure class=\"wp-block-image size-full is-resized\"><a href=\"http:\/\/sejaeade5g1.hospedagemdesites.ws\/aulas\/course\/index.php?categoryid=159\"><img loading=\"lazy\" decoding=\"async\" width=\"300\" height=\"216\" src=\"https:\/\/seja-ead.com.br\/wp-content\/uploads\/2025\/04\/1a-filosofia-300x216-1.jpg\" alt=\"\" class=\"wp-image-719\" style=\"width:250px\"\/><\/a><\/figure>\n<\/div>\n\n\n\n<div style=\"height:70px\" aria-hidden=\"true\" class=\"wp-block-spacer\"><\/div>\n\n\n\n<hr class=\"wp-block-separator has-alpha-channel-opacity\"\/>\n\n\n\n<div style=\"height:15px\" aria-hidden=\"true\" class=\"wp-block-spacer\"><\/div>\n\n\n\n<h4 class=\"wp-block-heading has-text-align-center\">Ci\u00eancias da Natureza e suas Tecnologias<\/h4>\n\n\n\n<div style=\"height:15px\" aria-hidden=\"true\" class=\"wp-block-spacer\"><\/div>\n\n\n\n<hr class=\"wp-block-separator has-alpha-channel-opacity\"\/>\n\n\n\n<div style=\"height:70px\" aria-hidden=\"true\" class=\"wp-block-spacer\"><\/div>\n\n\n\n<div class=\"wp-block-group is-content-justification-left is-nowrap is-layout-flex wp-container-core-group-is-layout-f56a869c wp-block-group-is-layout-flex\">\n<div style=\"height:70px;width:0px\" aria-hidden=\"true\" class=\"wp-block-spacer wp-container-content-66c62f5e\"><\/div>\n\n\n\n<div style=\"height:70px;width:0px\" aria-hidden=\"true\" class=\"wp-block-spacer wp-container-content-e1bb55cb\"><\/div>\n\n\n\n<figure class=\"wp-block-image size-full is-resized\"><a href=\"http:\/\/sejaeade5g1.hospedagemdesites.ws\/aulas\/course\/index.php?categoryid=155\"><img loading=\"lazy\" decoding=\"async\" width=\"300\" height=\"216\" src=\"https:\/\/seja-ead.com.br\/wp-content\/uploads\/2025\/04\/1a-quimica-300x216-1.jpg\" alt=\"\" class=\"wp-image-745\" style=\"width:250px\"\/><\/a><\/figure>\n\n\n\n<div style=\"height:70px;width:0px\" aria-hidden=\"true\" class=\"wp-block-spacer wp-container-content-16d1eb73\"><\/div>\n\n\n\n<div style=\"height:70px;width:0px\" aria-hidden=\"true\" class=\"wp-block-spacer wp-container-content-c0740251\"><\/div>\n\n\n\n<figure class=\"wp-block-image size-full is-resized\"><a href=\"http:\/\/sejaeade5g1.hospedagemdesites.ws\/aulas\/course\/index.php?categoryid=156\"><img loading=\"lazy\" decoding=\"async\" width=\"300\" height=\"216\" src=\"https:\/\/seja-ead.com.br\/wp-content\/uploads\/2025\/04\/1a-fisica-300x216-1.jpg\" alt=\"\" class=\"wp-image-747\" style=\"width:250px\"\/><\/a><\/figure>\n\n\n\n<div style=\"height:70px;width:0px\" aria-hidden=\"true\" class=\"wp-block-spacer wp-container-content-c0740251\"><\/div>\n\n\n\n<figure class=\"wp-block-image size-full is-resized\"><a href=\"http:\/\/sejaeade5g1.hospedagemdesites.ws\/aulas\/course\/index.php?categoryid=154\"><img loading=\"lazy\" decoding=\"async\" width=\"300\" height=\"216\" src=\"https:\/\/seja-ead.com.br\/wp-content\/uploads\/2025\/04\/1a-biologia-300x216-1.jpg\" alt=\"\" class=\"wp-image-748\" style=\"width:250px\"\/><\/a><\/figure>\n<\/div>\n\n\n\n<div style=\"height:70px\" aria-hidden=\"true\" class=\"wp-block-spacer\"><\/div>\n\n\n\n<hr class=\"wp-block-separator has-alpha-channel-opacity\"\/>\n\n\n\n<div style=\"height:15px\" aria-hidden=\"true\" class=\"wp-block-spacer\"><\/div>\n\n\n\n<h4 class=\"wp-block-heading has-text-align-center\">Itiner\u00e1rios Formativos<\/h4>\n\n\n\n<div style=\"height:15px\" aria-hidden=\"true\" class=\"wp-block-spacer\"><\/div>\n\n\n\n<hr class=\"wp-block-separator has-alpha-channel-opacity\"\/>\n\n\n\n<div style=\"height:70px\" aria-hidden=\"true\" class=\"wp-block-spacer\"><\/div>\n\n\n\n<div class=\"wp-block-group is-nowrap is-layout-flex wp-container-core-group-is-layout-ad2f72ca wp-block-group-is-layout-flex\">\n<figure class=\"wp-block-image size-full is-resized\"><a href=\"http:\/\/sejaeade5g1.hospedagemdesites.ws\/aulas\/course\/index.php?categoryid=280\"><img loading=\"lazy\" decoding=\"async\" width=\"149\" height=\"103\" src=\"https:\/\/seja-ead.com.br\/wp-content\/uploads\/2025\/04\/Educacao-Financeira.jpg\" alt=\"\" class=\"wp-image-756\" style=\"width:210px\"\/><\/a><figcaption class=\"wp-element-caption\">Educa\u00e7\u00e3o Financeira<\/figcaption><\/figure>\n\n\n\n<div style=\"height:70px;width:0px\" aria-hidden=\"true\" class=\"wp-block-spacer wp-container-content-16d1eb73\"><\/div>\n\n\n\n<figure class=\"wp-block-image size-full is-resized\"><a href=\"http:\/\/sejaeade5g1.hospedagemdesites.ws\/aulas\/course\/index.php?categoryid=282\"><img loading=\"lazy\" decoding=\"async\" width=\"149\" height=\"103\" src=\"https:\/\/seja-ead.com.br\/wp-content\/uploads\/2025\/04\/Cultura-Digital.jpg\" alt=\"\" class=\"wp-image-757\" style=\"width:210px\"\/><\/a><figcaption class=\"wp-element-caption\">Cultura Digital<\/figcaption><\/figure>\n\n\n\n<div style=\"height:70px;width:0px\" aria-hidden=\"true\" class=\"wp-block-spacer wp-container-content-16d1eb73\"><\/div>\n\n\n\n<figure class=\"wp-block-image size-full is-resized\"><a href=\"http:\/\/sejaeade5g1.hospedagemdesites.ws\/aulas\/course\/index.php?categoryid=281\"><img loading=\"lazy\" decoding=\"async\" width=\"149\" height=\"103\" src=\"https:\/\/seja-ead.com.br\/wp-content\/uploads\/2025\/04\/Empreendedorismo.jpg\" alt=\"\" class=\"wp-image-758\" style=\"width:210px\"\/><\/a><figcaption class=\"wp-element-caption\">Empreendedorismo<\/figcaption><\/figure>\n\n\n\n<div style=\"height:70px;width:0px\" aria-hidden=\"true\" class=\"wp-block-spacer wp-container-content-16d1eb73\"><\/div>\n\n\n\n<figure class=\"wp-block-image size-full is-resized\"><a href=\"http:\/\/sejaeade5g1.hospedagemdesites.ws\/aulas\/course\/index.php?categoryid=278\"><img loading=\"lazy\" decoding=\"async\" width=\"149\" height=\"103\" src=\"https:\/\/seja-ead.com.br\/wp-content\/uploads\/2025\/04\/Projeto-de-Vida.jpg\" alt=\"\" class=\"wp-image-759\" style=\"width:210px\"\/><\/a><figcaption class=\"wp-element-caption\">Projeto de Vida<\/figcaption><\/figure>\n\n\n\n<div style=\"height:70px;width:0px\" aria-hidden=\"true\" class=\"wp-block-spacer wp-container-content-16d1eb73\"><\/div>\n\n\n\n<figure class=\"wp-block-image size-full is-resized\"><a href=\"http:\/\/sejaeade5g1.hospedagemdesites.ws\/aulas\/course\/index.php?categoryid=279\"><img loading=\"lazy\" decoding=\"async\" width=\"149\" height=\"103\" src=\"https:\/\/seja-ead.com.br\/wp-content\/uploads\/2025\/04\/sustentabilidade.jpg\" alt=\"\" class=\"wp-image-760\" style=\"width:210px\"\/><\/a><figcaption class=\"wp-element-caption\">Sustentabilidade<\/figcaption><\/figure>\n<\/div>\n\n\n\n<div style=\"height:70px\" aria-hidden=\"true\" class=\"wp-block-spacer\"><\/div>\n\n\n\n<hr class=\"wp-block-separator has-alpha-channel-opacity\"\/>\n\n\n\n<div style=\"height:20px\" aria-hidden=\"true\" class=\"wp-block-spacer\"><\/div>\n\n\n\n<h4 class=\"wp-block-heading has-text-align-center\">Itiner\u00e1rios Formativos<\/h4>\n\n\n\n<div style=\"height:20px\" aria-hidden=\"true\" class=\"wp-block-spacer\"><\/div>\n\n\n\n<hr class=\"wp-block-separator has-alpha-channel-opacity\"\/>\n\n\n\n<div style=\"height:70px\" aria-hidden=\"true\" class=\"wp-block-spacer\"><\/div>\n\n\n\n<div class=\"wp-block-group is-nowrap is-layout-flex wp-container-core-group-is-layout-ad2f72ca wp-block-group-is-layout-flex\">\n<div style=\"height:70px;width:0px\" aria-hidden=\"true\" class=\"wp-block-spacer wp-container-content-1387b69e\"><\/div>\n\n\n\n<figure class=\"wp-block-image size-full is-resized\"><a href=\"https:\/\/seja-ead.com.br\/index.php\/ensino-medio-1o-ano\/\"><img loading=\"lazy\" decoding=\"async\" width=\"288\" height=\"288\" src=\"https:\/\/seja-ead.com.br\/wp-content\/uploads\/2025\/04\/1-m-2-5.png\" alt=\"\" class=\"wp-image-806\" style=\"width:250px\" srcset=\"https:\/\/seja-ead.com.br\/wp-content\/uploads\/2025\/04\/1-m-2-5.png 288w, https:\/\/seja-ead.com.br\/wp-content\/uploads\/2025\/04\/1-m-2-5-150x150.png 150w\" sizes=\"auto, (max-width: 288px) 100vw, 288px\" \/><\/a><\/figure>\n\n\n\n<div style=\"height:70px;width:0px\" aria-hidden=\"true\" class=\"wp-block-spacer wp-container-content-c0740251\"><\/div>\n\n\n\n<figure class=\"wp-block-image size-full is-resized\"><a href=\"https:\/\/seja-ead.com.br\/index.php\/ensino-medio-2o-ano\/\"><img loading=\"lazy\" decoding=\"async\" width=\"288\" height=\"288\" src=\"https:\/\/seja-ead.com.br\/wp-content\/uploads\/2025\/04\/2-m-2-2.png\" alt=\"\" class=\"wp-image-808\" style=\"width:250px\" srcset=\"https:\/\/seja-ead.com.br\/wp-content\/uploads\/2025\/04\/2-m-2-2.png 288w, https:\/\/seja-ead.com.br\/wp-content\/uploads\/2025\/04\/2-m-2-2-150x150.png 150w\" sizes=\"auto, (max-width: 288px) 100vw, 288px\" \/><\/a><\/figure>\n\n\n\n<div style=\"height:70px;width:0px\" aria-hidden=\"true\" class=\"wp-block-spacer wp-container-content-c0740251\"><\/div>\n\n\n\n<figure class=\"wp-block-image size-full is-resized\"><a href=\"https:\/\/seja-ead.com.br\/index.php\/ensino-medio-3o-ano\/\"><img loading=\"lazy\" decoding=\"async\" width=\"288\" height=\"288\" src=\"https:\/\/seja-ead.com.br\/wp-content\/uploads\/2025\/04\/3-m-2-2.png\" alt=\"\" class=\"wp-image-809\" style=\"width:250px\" srcset=\"https:\/\/seja-ead.com.br\/wp-content\/uploads\/2025\/04\/3-m-2-2.png 288w, https:\/\/seja-ead.com.br\/wp-content\/uploads\/2025\/04\/3-m-2-2-150x150.png 150w\" sizes=\"auto, (max-width: 288px) 100vw, 288px\" \/><\/a><\/figure>\n\n\n\n<div style=\"height:70px;width:0px\" aria-hidden=\"true\" class=\"wp-block-spacer wp-container-content-1387b69e\"><\/div>\n<\/div>\n\n\n\n<p><\/p>\n","protected":false},"excerpt":{"rendered":"<p>Ensino M\u00e9dio &#8211; 2\u00ba Ano Linguagens C\u00f3digos e suas Tecnologias e Reda\u00e7\u00e3o Matem\u00e1tica e suas Tecnologias Ci\u00eancias Humanas e suas Tecnologias Ci\u00eancias da Natureza e suas Tecnologias Itiner\u00e1rios Formativos Itiner\u00e1rios Formativos<\/p>\n","protected":false},"author":1,"featured_media":0,"parent":0,"menu_order":0,"comment_status":"closed","ping_status":"closed","template":"","meta":{"footnotes":""},"class_list":["post-813","page","type-page","status-publish","hentry"],"_links":{"self":[{"href":"https:\/\/seja-ead.com.br\/index.php\/wp-json\/wp\/v2\/pages\/813","targetHints":{"allow":["GET"]}}],"collection":[{"href":"https:\/\/seja-ead.com.br\/index.php\/wp-json\/wp\/v2\/pages"}],"about":[{"href":"https:\/\/seja-ead.com.br\/index.php\/wp-json\/wp\/v2\/types\/page"}],"author":[{"embeddable":true,"href":"https:\/\/seja-ead.com.br\/index.php\/wp-json\/wp\/v2\/users\/1"}],"replies":[{"embeddable":true,"href":"https:\/\/seja-ead.com.br\/index.php\/wp-json\/wp\/v2\/comments?post=813"}],"version-history":[{"count":19,"href":"https:\/\/seja-ead.com.br\/index.php\/wp-json\/wp\/v2\/pages\/813\/revisions"}],"predecessor-version":[{"id":1213,"href":"https:\/\/seja-ead.com.br\/index.php\/wp-json\/wp\/v2\/pages\/813\/revisions\/1213"}],"wp:attachment":[{"href":"https:\/\/seja-ead.com.br\/index.php\/wp-json\/wp\/v2\/media?parent=813"}],"curies":[{"name":"wp","href":"https:\/\/api.w.org\/{rel}","templated":true}]}}